ors of h?
2, 5
Let v be (-1)/2 + (-427)/(-14). Let j = v + -15. What are the prime factors of j?
3, 5
Let x(a) = -2*a - 2. Let m be x(-3). What are the prime factors of -34*(m + (-36)/8)?
17
Suppose 286 = 5*k + 4*p, p - 65 = -5*k + 209. List the prime factors of k.
2, 3
Let f = 31 + 32. What are the prime factors of f?
3, 7
Suppose -3 = -0*t + 2*t + b, 3*b = -3*t - 9. Suppose -2*y + 5*f - 4*f + 18 = t, y + 3*f = 9. List the prime factors of y.
3
Suppose -5*z = -109 - 116. What are the prime factors of z?
3, 5
Let z be (3 - -2)*(-1 + 0). Let h = 4 + z. What are the prime factors of 1/h + 5 - 1?
3
Let s(u) = 3*u**3 - 33*u**2 + 10*u - 11. Let a(v) = -2*v**3 + 22*v**2 - 7*v + 7. Let w(r) = 7*a(r) + 5*s(r). List the prime factors of w(11).
5
Let g(o) = -o - 2. Let z be g(-4). Let j be z/(-7) - (-69)/21. Suppose j*t = -2*t + 10. List the prime factors of t.
2
Let l(h) = 4*h + 2*h**2 - 4 + 4. Let g be l(-4). Suppose -4*j + 12 = -g. What are the prime factors of j?
7
Let i = 89 + -34. What are the prime factors of i?
5, 11
Let z be 24/10 - 6/(-10). Let f = 4 - z. List the prime factors of f - -3 - (-1 + 1).
2
List the prime factors of 16/12*1*24.
2
Suppose -3*j - 159 = -w + 2, -3*j = 15. List the prime factors of w.
2, 73
Let x = 10 + -7. Suppose x*s - s = u, -4*s + 2 = -u. Suppose 2*v - v + 12 = 3*g, 3*v + 8 = u*g. List the prime factors of g.
2
Let u be 1/(-4) - 84/(-16). Suppose -4*c - 1 = 7, 50 = u*t + 5*c. What are the prime factors of t?
2, 3
Let v(m) = m**3 + 10*m**2 + m + 13. Let x be v(-10). Suppose -3*b = 3*j + x, 4*j + 3 = 2*b + j. What are the prime factors of b/(-2) + (9 - -3)?
2, 3
Suppose -o + 372 = 3*t - 170, 0 = 3*t + 3*o - 546. What are the prime factors of t?
2, 3, 5
Suppose -3*f + 4*p = 3*p - 218, -234 = -3*f - 3*p. Suppose -3*s + 131 = -3*z + 32, -3*z - 2*s - f = 0. Let w = 47 + z. What are the prime factors of w?
19
Suppose 3 + 18 = 3*k. List the prime factors of k.
7
Let j(a) = a**3 - 8*a**2 + 7*a + 4. Let r = 7 + -2. Suppose 4*i - 2*i + 2*x = 22, r*x = -i + 27. List the prime factors of j(i).
2
What are the prime factors of 60/15 + (-72)/(-2)?
2, 5
Let m be (-3)/2 - 14/(-4). Let v(o) = -8 - o + 17 + m*o. List the prime factors of v(0).
3
Suppose -4*p - 4 = -s, -5*p - 5*s - 4 = -6*s. Let h be 1/3*(p - -123). Suppose -j + 13 = -q, 0 = -5*j - 4*q + h - 12. What are the prime factors of j?
3
Let j = -56 - -227. List the prime factors of j.
3, 19
Let t(v) = 2*v - 7. Let z be t(6). Suppose -3*i = -1 - z. Let p = 4 - i. What are the prime factors of p?
2
Let m(u) = 7*u**2 - 9*u + 3. What are the prime factors of m(4)?
79
Suppose 5*l + 7 = s - 138, l - 5 = 0. List the prime factors of s.
2, 5, 17
Suppose 3*k + 91 - 30 = 4*v, -5*v = k - 100. What are the prime factors of v?
19
Let y(t) be the second derivative of -t**3/6 + 12*t**2 + 3*t. List the prime factors of y(10).
2, 7
Let x(p) = -4*p - 2*p + 12 + 8*p. Let j be x(-8). Let s = -2 - j. List the prime factors of s.
2
Suppose 3*v - 166 = -2*w, 10*w - 5*w + v - 389 = 0. List the prime factors of w.
7, 11
Let y = 32 + -25. Suppose 6*i - y*i = -41. List the prime factors of i.
41
Suppose 10*b - 339 = 1001. List the prime factors of b.
2, 67
Let w be (-4)/(-6)*45/(-6). What are the prime factors of (-4)/(w/((-10)/(-4)))?
2
Suppose 0 = 4*l + 4*l - 552. List the prime factors of l.
3, 23
Suppose -2*k + 6*k + 5*p = 49, 4*p - 44 = -4*k. What are the prime factors of k?
2, 3
Let a(t) = -t + 4. Let x be a(0). Suppose -x*r = 3*i - 13, 5*i + 15 = 4*r - 38. What are the prime factors of r?
7
Suppose 0*c - 20 = -4*c, -k - 5 = 2*c. Let d be (-20)/6 + 6/(-9). What are the prime factors of ((-6)/d)/(k/(-40))?
2
Suppose 1 = -5*x + 11. Suppose -g = -x*g. Let b = 7 - g. List the prime factors of b.
7
Let i = -3 + 6. Let x be -36*(-1 + 1/i). Let z = x + -14. What are the prime factors of z?
2, 5
Let y = -5 + 3. Let q(t) = t**3 + 4*t**2 + 2*t - 2. Let b be q(y). Suppose 0 = -b*g + 4 + 4. List the prime factors of g.
2
Suppose 0 = -l + 63 - 14. List the prime factors of l.
7
Let c(m) = m**3 + 11*m**2 - m - 11. What are the prime factors of c(-10)?
3, 11
Let a(o) = -o**2 - 3*o + 2. Let p be a(-3). Suppose -18 = -p*f - f. Let c(g) = -g**3 + 6*g**2 + 2*g - 3. What are the prime factors of c(f)?
3
Let v = 5 + -6. What are the prime factors of 2 - (-1 - v - 9)?
11
Suppose 12 = 6*o - 10*o. Let z(v) = v**2 - 4*v - 1. Let m be z(4). List the prime factors of o - (-1)/(m/(-7)).
2
Let r = 1 - 2. Let i be (0 - 0)*(r + 0). Suppose i*f - 3*f + 40 = -4*j, 0 = 2*f - 2*j - 24. List the prime factors of f.
2
Suppose -7*d + 4*d = 2*g - 15, -3*d = 3*g - 18. Suppose 2*p = -4*w - 2, 4*w + 11 = 4*p - d*p. Suppose -p*n + 14 + 1 = 0. List the prime factors of n.
5
Suppose -5*u + 27 = 2*h, -4*h + 2*u + 18 = -0*h. What are the prime factors of h?
2, 3
Let s be ((-8)/3)/((-4)/6). Suppose -5*h = 2*x + x - 6, s*h + 3 = -5*x. What are the prime factors of h?
3
Suppose -2*i - 1 = 3. Let h = -2 - i. Suppose -4*x - 5*b + 11 + 33 = 0, h = b. What are the prime factors of x?
11
Suppose 3 = -2*z - 7, -224 = -f + 4*z. What are the prime factors of f?
2, 3, 17
Let b(s) = 6*s**2 - s. Let u be b(1). Let n = u - 3. Suppose y - 21 = -0*v - n*v, 0 = y - 4*v - 3. What are the prime factors of y?
3, 5
Suppose 11 - 29 = -m + 2*l, 4*m - 2*l - 54 = 0. Let f = 5 + m. What are the prime factors of f?
17
Let k(x) = -18*x - 1. Let d(s) = -s**2 - 4*s + 4. Let w be d(-5). List the prime factors of k(w).
17
Let m(c) = c**2 - 4*c. Let k(q) = 3*q. Let a(l) = 3*k(l) + 2*m(l). Let u be a(-2). Let s = u + 6. List the prime factors of s.
2, 3
Suppose -47 - 25 = -3*c. List the prime factors of c.
2, 3
List the prime factors of (-662)/(-15) + 10/(-75).
2, 11
Let s(r) = 2*r**2 + 14*r - 5. List the prime factors of s(6).
151
Let d(k) = 2*k**2 + 2*k + 1. Let x be d(-2). Suppose -40 - 65 = -x*a. Suppose -2*j + q = -23, 4*j + q - 16 = a. List the prime factors of j.
2, 5
Let b(a) = -a**2 - 19*a - 16. List the prime factors of b(-11).
2, 3
Let v(y) = y**3 - 7*y**2 - 8*y + 4. Let w be v(8). Let k = -2 + w. Suppose -3*o + 10 = k*o. What are the prime factors of o?
2
Let i be 2/(-10) - 26/(-5). Suppose -a - 12 = -i*a. What are the prime factors of 2 - (-47 - 1)/a?
2, 3
Let l(r) = -2*r - 5. Let a be l(-7). List the prime factors of (1*a)/((-6)/(-4)).
2, 3
Let g(d) = d**3 - 3*d**2 + d - 1. Let k be g(3). List the prime factors of (k - 1)/(3/57).
19
Suppose 77*c = 76*c + 329. List the prime factors of c.
7, 47
Let j = -230 - -351. What are the prime factors of j?
11
Suppose 3*u - 3*k - 579 = 0, -2*u = -3*k - 97 - 292. What are the prime factors of u?
2, 5, 19
Let f(w) = -w**3 - 5*w**2 - 3*w. Let q(p) = p**2 - 5*p + 1. Suppose t = -3*t + 12. Let d be q(t). What are the prime factors of f(d)?
3, 5
Suppose -4*j = -8*j - 4. List the prime factors of j/2 + (-25)/(-2).
2, 3
Let w(x) = -2*x + 1. Let a be w(-2). Suppose -a*c + 30 = -0*c. What are the prime factors of (c/4)/((-3)/(-24))?
2, 3
Suppose 3*j - 2 + 8 = 0. What are the prime factors of 5 + j - -20 - 2?
3, 7
What are the prime factors of -2 + (-4)/(-1) - -75?
7, 11
Suppose z - 41 = 25. What are the prime factors of z?
2, 3, 11
Let i = -1 + 7. Let w(d) = d**2 + 3*d. Let k be w(i). Suppose -3 = 3*t - k. What are the prime factors of t?
17
Let i be 4/(-6) - (-10)/6. What are the prime factors of 8/i + (6 - 3)?
11
Let r(c) = c**3 - 2*c**2 + c + 2. Let v be r(3). Suppose -2*g + 6 + v = 0. What are the prime factors of g?
2, 5
Suppose 2*a + 5*b = -22, -a - 13 = -b + 4*b. Let o(c) = -4*c**3 - c**2 - c. List the prime factors of o(a).
2
Let c(k) = -k**3 + 4*k**2 - k + 5. Let v be c(4). Suppose -2*n = -5 + v. What are the prime factors of n?
2
Suppose 0 = 4*g - 503 - 97. Suppose 7*i - g = 2*i. What are the prime factors of i?
2, 3, 5
Let d(s) = -s + 17. Let y be d(9). Let i = y + -14. List the prime factors of 4/i + (-141)/(-9).
3, 5
Let v = 5 + 0. Suppose -v*n + 21 + 9 = 0. List the prime factors of n.
2, 3
Let n(i) = i**3 + 10*i**2 + 7*i - 12. Suppose 0 = v + 2*c + 12 + 3, -5*v - 54 = 3*c. List the prime factors of n(v).
2, 3
Suppose 8 = -5*p + 6*p. What are the prime factors of p?
2
Suppose 5*k + 14 - 2 = d, 0 = 2*d - k - 6. Let n be (12/15)/(d/5). Let z = 6 + n. What are the prime factors of z?
2
Let x = 26 + 45. Suppose 3*a = -a